= -523 - 1281, -5*j + 1802 = -4*l. Let p = l - -659. What are the prime factors of p?
2, 103
Let f = 277 - 95. Let u = -81 + f. List the prime factors of u.
101
What are the prime factors of 2*(1117 + (11 - 8))?
2, 5, 7
Let y = 125 - 120. Suppose 3*k = 4*i - 820, -y*i = -i - 5*k - 820. List the prime factors of i.
5, 41
Let w(b) = -b - 2. Let n be w(0). List the prime factors of ((-2)/n)/(1/69).
3, 23
Let y be 18/42 - 22/(-14). What are the prime factors of (-26)/(y/2*-2)?
13
Let m = 113 + -63. Suppose 244 = 7*f - m. What are the prime factors of f?
2, 3, 7
Let c be 24 - (3 + -2 + 2). List the prime factors of c/28 + 297/4.
3, 5
Let f(i) = -i**3 + 43*i**2 + 82*i + 156. List the prime factors of f(44).
2, 457
Let n be (-147)/(-9) - 3/9. Suppose -2*q - q = -2*v + 8, -4*q - n = 0. List the prime factors of v - (0 + 3 + -15).
2, 5
Let g = -1225 + 2456. List the prime factors of g.
1231
Let w be 15/6*34/5. Suppose -z = 4*c + w, 2*z + 3*z - 5*c + 10 = 0. What are the prime factors of 444/30 + (-1)/z?
3, 5
Suppose -2*h + 54 = 2*h - 2*l, 0 = -2*h - 2*l + 24. Suppose -3*d - p = -h, 2*d + 21 = 7*d + p. Suppose d*c - 134 = 42. List the prime factors of c.
2, 11
Let n(b) = 4*b - 5. Suppose 2*o = -2*o + 8. Let v be n(o). List the prime factors of (3/2)/(v/4).
2
Let w be -1*(-2)/6*-15. What are the prime factors of (-2)/(6 + w)*-113?
2, 113
Let r be 124/(3 - 1) - 5. Suppose 36 = 2*c - 5*f - 71, c + f = r. List the prime factors of c.
2, 7
Let x = -164 - -283. List the prime factors of x.
7, 17
Suppose 5*q - 9 = 3*c + 2, -2*q + 5 = -c. Suppose 5*v - q*j - 289 = 0, -v - 4*j = -2*j - 55. What are the prime factors of v?
3, 19
Let x = 1441 + -970. List the prime factors of x.
3, 157
Let b(c) = -2*c**2 - 69*c - 21. Let d be b(-24). Suppose 8*i - d = 5*i. List the prime factors of i.
7, 23
Suppose -3*r + 3419 = 5*v, -2*r + 2278 = 5*v - 3*v. List the prime factors of r.
2, 569
Let s be 9 - (1 - 4/4). Let m be (-2)/4 + (-45)/(-10). Suppose -m*q = -3*q - s. What are the prime factors of q?
3
Suppose 5*r + 2*d = -538, -5*r + d + 0*d - 526 = 0. Let b = -40 - r. List the prime factors of b.
2, 3, 11
Let p = 35 + -32. Suppose -p*i + 0*i + 42 = l, -4*l + 3*i + 213 = 0. What are the prime factors of l?
3, 17
Let v(f) = -f**3 - 2*f**2. Let x be v(-2). What are the prime factors of (x + (-132)/8)*-2?
3, 11
Suppose -24 = -12*o + 4*o. Suppose -o*z + 6*z + 117 = 0. Let g = 61 + z. What are the prime factors of g?
2, 11
Suppose 4*p + 6 = -5*w, 5*p = -w - 0*w + 3. List the prime factors of (p/(-2))/(17/(-4250)).
5
Let x = 7 + -4. Suppose 2*u - 1 - x = 0. Suppose 3*q - 31 = u. List the prime factors of q.
11
Let p(t) = 19*t**2 - 3*t + 3. List the prime factors of p(2).
73
Let p = -746 - -2523. List the prime factors of p.
1777
Let s(o) = o**3 + 9*o**2 + 10*o + 6. Let q be s(-6). Let k = 11 + q. List the prime factors of k.
5, 13
Suppose -2022 = -13*h + 2541. List the prime factors of h.
3, 13
Let j(q) = 14*q + 1049. List the prime factors of j(0).
1049
Let d = -2 - -8. Suppose d*b - 380 = b. What are the prime factors of b?
2, 19
Let b(y) = -y**3 - 11*y**2 - 69*y - 15. What are the prime factors of b(-9)?
2, 3, 37
Let t be (15/(-10))/((-2)/(-20)). List the prime factors of t/(-2)*48/10.
2, 3
Let x(o) = o**3 + 4*o**2 - 7*o - 1. Let q be x(-5). Suppose 4*z + 12 = -12. What are the prime factors of (3/q)/(z/(-558))?
31
Let y(v) = 4*v + 7. Let s be y(3). Suppose 464 = 5*c + s. Suppose -2*k = -8, -c = -4*o + o - 2*k. List the prime factors of o.
3
Suppose -n - 10 = -3*n. Let p(y) = 3*y**3 - 3*y**2 + 2*y + 19. What are the prime factors of p(n)?
7, 47
Let w be ((-18)/(-21))/((-3)/21). Let q(l) = 0 + 0 - l. What are the prime factors of q(w)?
2, 3
Let c(x) = -912*x + 9. Let w(f) = 114*f - 1. Let k(r) = 4*c(r) + 33*w(r). What are the prime factors of k(1)?
3, 13
Let q(g) = g**3 + 11*g**2 + g + 13. Let t be q(-11). Let a be t*(1 - (-1)/2). Suppose -7*h = -a*h - 36. List the prime factors of h.
3
Suppose -4*v + 4*o = -2680, -3 = -o - 1. List the prime factors of v.
2, 3, 7
Let j be 24 + -24 - (-574 + 0). Suppose 6*l + l = j. What are the prime factors of l?
2, 41
Let v(h) = 2*h**2 + 10*h + 28. List the prime factors of v(12).
2, 109
List the prime factors of (-120)/(-8)*-1076*5/(-30).
2, 5, 269
Let i = 667 + -651. What are the prime factors of i?
2
Let i(o) = o**2 - 6*o + 5. Let q be (-39)/(-12) + (-1)/4. Suppose -2*h = q*h - 30. List the prime factors of i(h).
5
Let q(v) be the second derivative of v**5/15 - v**4/12 + v**3/2 - 6*v. Let c(o) be the second derivative of q(o). List the prime factors of c(4).
2, 3, 5
Let h(f) = f**3 - 2*f**2 + 7*f + 7. List the prime factors of h(7).
7, 43
Let t = 90 + -113. What are the prime factors of (41/3)/(t/(-414))?
2, 3, 41
Let v = -292 + 431. List the prime factors of v.
139
Let z(f) = -3*f - 46. List the prime factors of z(-30).
2, 11
What are the prime factors of (-9)/18 + 79*(-3)/(-2)?
2, 59
Suppose 0 = -0*r + 3*r - 30. Suppose -2*h + f + 17 = 7, 5*f = 0. Suppose 3*a - h*a = -r. What are the prime factors of a?
5
Let q be 24*-1*(-44)/8. Suppose 5*n = -n + q. What are the prime factors of n?
2, 11
Let h(r) = -2*r**3 - 106*r**2 - 37*r - 1. What are the prime factors of h(-53)?
2, 5, 7
Suppose 0 = y + 3*v - 196, 999 = 5*y + 8*v - 12*v. List the prime factors of y.
199
Let q(b) = 10*b**2 + 36*b + 185. What are the prime factors of q(-23)?
3, 1549
Let n(x) = 26*x**3 + 4*x**2 - 4*x - 4. Let f be n(3). What are the prime factors of f/4 - (-18)/12?
2, 7, 13
Let g(m) = 139*m**2 + 3*m + 1. What are the prime factors of g(-2)?
19, 29
Let f = -68 - -72. List the prime factors of 41 + 3 - (f/2 - 3).
3, 5
List the prime factors of (-4)/14*(-2389 - 96).
2, 5, 71
Suppose 4*q - 2376 = 2224. Suppose -5*g = 5*u - q, -u - 4*g + 458 = u. List the prime factors of u.
3, 7, 11
Suppose 1947 - 35 = 2*m. What are the prime factors of m?
2, 239
Let t = 32 - 19. Suppose -3*x - 2*s = -40, -3*x - 4*s + 37 = -t. List the prime factors of 3*x/15 - -36.
2, 19
Suppose 8*l - 7*l + 3*y = 4046, -5*y = -2*l + 8037. List the prime factors of l.
29, 139
Suppose -4*j - 570 = -n + j, -5*n + 2760 = 5*j. List the prime factors of n.
3, 5, 37
Suppose -3*o = q - 3952, -4*q + 134*o = 138*o - 15776. List the prime factors of q.
2, 5, 197
Suppose -5 = 2*r - r. Let c(u) = 2*u + 4. Let q be c(r). What are the prime factors of 48/(-40)*20/q?
2
Let b(o) = -41*o - 23. Let i(z) = 3*z**2 + 8*z - 7. Let n be i(-3). List the prime factors of b(n).
3, 47
Let t be ((-3 - -2)*-832)/(-1). What are the prime factors of (1 + -2)/(13/t)?
2
List the prime factors of 0 + 2604/2 + (-12)/4.
3, 433
Let h be (57/2)/3*(23 - 11). Suppose -113*w - 134 = -h*w. List the prime factors of w.
2, 67
Suppose -16*u + 503 = -32505. List the prime factors of u.
2063
Suppose -35*d - 155 = -40*d. Suppose -d - 77 = -u. List the prime factors of u.
2, 3
Let i be (-39 + -1)*((-24)/(-3))/(-4). Let k be (-332)/14 + (-2)/7. Let t = k + i. List the prime factors of t.
2, 7
Let z be 20/(-1 + 0/(-2)). Let k be 5/2*(-32)/z. Suppose -k*j + 177 = 3*l - 0*j, l + 2*j = 61. What are the prime factors of l?
5, 11
Let y(f) be the second derivative of 10*f**3/3 - f**2 + 27*f. What are the prime factors of y(7)?
2, 3, 23
Let r(m) = 4*m - 21. Let x be r(11). Suppose 2*w - x = z - 2*z, 0 = -2*z - w + 43. What are the prime factors of z?
3, 7
Let g be 98 + 10/(1 + -3). Let y = 44 + g. List the prime factors of y.
137
Let q(k) = -k + 14. Let m(g) = 13*g**3 - g**2 - g + 1. Let o be m(1). List the prime factors of q(o).
2
Suppose -3*a + 18 = 12. Suppose a*q + s - 46 = 0, -5*s + 118 = 5*q - 2. Let g = -19 + q. What are the prime factors of g?
3
Let u be ((-4)/(-5))/(6/15). Suppose 2*j - 8 - 5 = f, 5*j - 35 = 3*f. Suppose 0 = -j*q + q - u*p - 4, -5*p = 25. What are the prime factors of q?
2
Suppose k = -b + 124, 2*k + 3*b = 6*k - 496. Suppose -k = -11*h + 580. List the prime factors of h.
2
List the prime factors of 28964/10 - 192/(-320).
2897
Suppose 8*l - 9*l + 5 = 0. Suppose -3*i = -2*y + 230, 0*y - l*i = -2*y + 238. List the prime factors of y.
109
Let v(f) = -424*f - 9. What are the prime factors of v(-2)?
839
Let k(f) = 3*f - 7. Let v be k(13). Suppose 0 - v = -n. What are the prime factors of n?
2
Let c = 30 + -25. Let p be 4/(-5) + 19/c. Suppose